-n**3 - 8*n**2 - 7*n - 9. Let r be i(-7). Let g be 22 - 3/(r/6). Suppose c + 2 = g. What is the units digit of c?
2
Suppose 4 = -4*u, 2*o = o + u + 32. Let g = o + 23. What is the units digit of g?
4
What is the hundreds digit of (-945)/(-6) + 12/(-8)?
1
Let n(j) = -79*j - 2. What is the tens digit of n(-3)?
3
Suppose 0 = -3*c - 5*k - 17, 10 + 7 = -4*c - k. What is the units digit of 8 + 1 + (c - 2)?
3
Let p(f) = 67*f - 292. What is the hundreds digit of p(25)?
3
Suppose -4*a = -4*i + 6916, 3*a + 7707 = 5*i - 940. What is the tens digit of i?
3
What is the tens digit of (-4484)/(-9) - (21/(-27) - -1)?
9
Let s(l) = 73*l + 2. What is the tens digit of s(6)?
4
Let x = 4220 + -1466. What is the hundreds digit of x?
7
What is the tens digit of 2 + (1/(-2) - 1525/(-2))?
6
Let d = -5708 - -8778. What is the units digit of d?
0
Let k = -5074 - -7450. What is the thousands digit of k?
2
Let b(y) = -3*y**2 - 49*y - 27. What is the hundreds digit of b(-8)?
1
Let p(z) = 8*z + 14. Let g be p(8). Let h be g/9 + (-1)/(-3). Let l = h - 3. What is the units digit of l?
6
Let m(d) be the first derivative of d**3/3 + d**2/2 - 8. Let y be m(7). Suppose -4*p = -8*p + y. What is the units digit of p?
4
Let a(x) = 42*x - 74. What is the hundreds digit of a(17)?
6
Suppose 13 = -5*w + 33. Suppose -20 = w*m + 52. What is the tens digit of (m/(-90))/(2/130)?
1
Let t = 125 + -50. Let s = 14 + t. What is the tens digit of s?
8
Let w = -168 - -284. What is the tens digit of w?
1
Suppose -15*s = -13*s - 4. What is the hundreds digit of -1 + (30/10 - -79*s)?
1
Suppose 36516 = -134*s + 151*s. What is the thousands digit of s?
2
Let w(b) be the third derivative of 5*b**4/12 + 3*b**3/2 + 13*b**2. What is the tens digit of w(5)?
5
Suppose 57*t - 69*t = -12960. What is the units digit of t?
0
Let p = 3 - -7. Suppose -11 - 5 = -2*i. Let l = i + p. What is the tens digit of l?
1
Suppose 3*c - 2*d = 7, -2*d = 8*c - 5*c + 1. What is the hundreds digit of c/((-3)/(-315)) - -1?
1
Let q(d) = 2*d**3 + 11*d**2 - 6*d + 8. Let n be q(-6). Suppose 9*r - n*r - 46 = 0. What is the tens digit of r?
4
Let v be ((-4)/(-4))/((-1)/(-45)). Suppose 44*r = v*r - 10. What is the tens digit of r?
1
Suppose 31 + 13 = f. What is the tens digit of f?
4
Let y(q) = q**3 + 18*q**2 + 18*q + 26. Let g be y(-17). Suppose -g*a + 13*a + 32 = 0. Let n(b) = -2*b. What is the tens digit of n(a)?
1
Let s(w) = -55*w + 59. What is the hundreds digit of s(-5)?
3
Let a be (-6)/(-9) - ((-4088)/6)/(-2). Let k = -241 - a. What is the tens digit of k?
9
Suppose 1983 = 3*d + 4*j, -4*j = -5*d - 6*j + 3305. What is the tens digit of d?
6
Let j = 223 + -318. Suppose -2766 = -16*v - 558. Let s = v + j. What is the units digit of s?
3
Let m = 4 + 4. Let d(i) be the third derivative of i**6/120 - i**5/10 - 5*i**4/12 - i**3/3 - i**2 + 1. What is the units digit of d(m)?
6
Let q = 23 - 15. What is the units digit of (1 - -3)/(q/10)?
5
Let u = 152 - -1140. What is the tens digit of u?
9
Suppose h = 4*n + 324, -3*h - 2*n - 618 = -5*h. What is the units digit of h?
4
Suppose 4*k + 2*t = 2348, 3*k - 5*t - 103 = 1645. What is the hundreds digit of k?
5
Let w(l) = 55 + 16*l - 11*l + 30*l - 93. What is the tens digit of w(7)?
0
Suppose -5*q + 2*v - 43 = 0, -v = -2*q - 5*v - 22. Let o(d) = -d**2 - 16*d + 8. What is the units digit of o(q)?
1
Let a(k) = -2*k**3 - 9*k**2 - 9*k - 7. Let s be a(-6). Suppose -49 = -v + 3*i, v - s = -2*v + 5*i. What is the units digit of v?
5
Suppose -233 = -20*d + 12307. What is the units digit of d?
7
Suppose 15577 - 4153 = 21*g. What is the units digit of g?
4
Suppose 0 = -p + 4*k + 2027, -3*p = 3*k + k - 6113. What is the tens digit of p?
3
Suppose 26*s + 1584 = 4*t + 22*s, -s + 1 = 0. What is the units digit of t?
7
Let s(o) = -o**3 + 9*o**2 - 13*o + 1. Suppose -4*v + 7 = -21. What is the units digit of s(v)?
8
Suppose 3*w = -m + 10, 5*m - 2 = -w - 2*w. Suppose w*j - 33 = -9. Suppose -j*x + 28 = -4*x. What is the tens digit of x?
1
Suppose 0 = -k - 3*y + 3, 3 = -5*k + 2*y + 1. Suppose -11*h = -1644 - 50. Suppose k = -2*l - 0*l + h. What is the units digit of l?
7
Let p(d) = d**3 - 4*d**2 + 4*d + 4. Let y(k) = -2*k - 5. Let f be y(-5). Let g be p(f). Let t = g + -29. What is the tens digit of t?
2
Let q(f) = -3*f**2 + 3*f + 4. Let b be q(3). Let a = b + 18. Suppose 4*t + t - 2*g - 23 = 0, -4*t + a*g + 16 = 0. What is the units digit of t?
5
Let d = 5 + -2. Suppose 3*t + 20 = 4*h, d*h - h + t - 10 = 0. Suppose 2*q = -h*n + 41, -49 = -5*n + 2*q - 0. What is the units digit of n?
9
Suppose m = 2, -3*g + 2*m + 757 + 1525 = 0. Suppose -12*r - g = -18*r. What is the units digit of r?
7
Let z = 431 - 219. What is the hundreds digit of z?
2
Suppose u + 3*n - 108 = 57, -2*u = 3*n - 315. Let w be u*((-22)/6 - -4). Suppose 0*z = -z + w. What is the units digit of z?
0
Let u(z) = -2*z**2 + 3*z + 2. Let h be u(-5). Suppose -6 = 3*n, -3 = 3*y - 2*n - n. What is the units digit of ((-3)/(-9))/(y/h)?
7
Suppose 0*w + 3*w - 3 = -2*s, 2*s - 4*w + 4 = 0. Suppose -z - 2*r = -4, -z - r + 4 - 2 = s. Suppose z = v + 4*v - 40. What is the units digit of v?
8
Let l = 4 + 0. Let j be l/(-10) + (-141)/(-15). Let a = 1 + j. What is the units digit of a?
0
Let t(z) = 3*z**2 + 18*z - 91. What is the hundreds digit of t(16)?
9
What is the thousands digit of 2/(-6)*5463*(-60)/36?
3
Suppose 3*v + 335 = 5*o, -o + 0*v + 39 = 5*v. Suppose -o = -3*y - j, 4*y = -0*y - 4*j + 80. What is the tens digit of y?
2
Let l(a) = -a**2 + 22*a - 56. Let s be l(3). Let x(w) = 48*w**2 - 3 - w + 3. What is the units digit of x(s)?
7
Suppose -8 = 6*z - 26. What is the units digit of (-1365)/14*((-9)/z - -1)?
5
Suppose -x - 8481 = -12*x. Suppose -6*j = -x + 69. What is the hundreds digit of j?
1
Suppose k - 3*f = f + 9, 0 = 2*k - 5*f - 21. Suppose -k*g - 320 = -1633. What is the units digit of g?
1
Let v(a) = 9*a - 5. Let z be (-2 - (-8)/5)*-30. Suppose 0*r + z = 3*r. What is the units digit of v(r)?
1
Let f = -68 + 3. Let z = f + 149. What is the tens digit of z?
8
Suppose -5*l - l + 1170 = 0. What is the tens digit of l/2 + 36/(-24)?
9
Suppose 2639 - 8111 = -24*y. What is the hundreds digit of y?
2
Let j(l) = 16*l**2 + 2*l + 6. Let m be j(-2). Suppose 2*o - o = m. What is the tens digit of o?
6
Let i(u) = -u**2 - 9*u. Let s be i(-8). Let j = -3 + s. Suppose -123 = -4*l - q, l - 6*l = j*q - 150. What is the units digit of l?
1
Suppose 9265 = 5*z - o, -14*o = -3*z - 9*o + 5581. What is the thousands digit of z?
1
Let a = 40 + -35. Suppose 513 = a*q - 127. What is the tens digit of q?
2
Let q(m) = -m**3 + 12*m**2 + 36*m - 16. Let c be q(15). Let l = c - -295. What is the tens digit of l?
4
Let a = -1208 - -1782. What is the units digit of a?
4
Let p(t) = -2*t**3 - 2*t**2 + t - 2. Let c be p(-2). Suppose 4*i = 5*r + 537, -c*i - 2*r + 726 = 224. What is the hundreds digit of i?
1
Let k be (0 + -66)*(-16)/(-16). Suppose 0*y - 45 = y. Let g = y - k. What is the units digit of g?
1
Let o(b) = 2*b**2 - b - 4. Suppose -2*s = -7 + 49. Let x be (-78)/s - 6/(-21). What is the tens digit of o(x)?
2
Suppose -4*g + 14513 = -i, -3*i - 24191 = -5*g - 6041. Suppose 5*r = 18*r - g. What is the hundreds digit of r?
2
Let r = 173 - 245. Suppose 0 = -3*a - a. What is the tens digit of (a - 3)/(9/r)?
2
Let s(k) = -k**3 + 5*k**2 - 5*k + 4. Let t be s(2). Suppose 110 + 706 = t*u. What is the tens digit of u?
3
Let o(m) = -m**3 - 11*m**2 - 10*m. Let b be o(-10). Let d be (-163)/(-1) + b + -3. What is the tens digit of (-9)/(-4)*d/15?
2
Suppose 5*b = -2*q - 4 + 19, 5*b = 5*q - 20. Suppose -c = v - 13, -5*c - b = -v - 2*c. What is the units digit of 14/35 + 366/v?
7
Let j(t) = t**3 - 7*t**2 - 8*t + 5. Suppose -d - l + 11 = 0, -6*l - 37 = -5*d - 5*l. Let s be j(d). Let u(c) = 4*c - 6. What is the tens digit of u(s)?
1
Let x(u) = 10*u - u**2 + 27*u + 7 + 8 - 20*u. What is the units digit of x(14)?
7
Suppose -4*u = 595 + 121. Let l = u - -376. What is the units digit of l?
7
Let g(p) = 56*p**2 - 2*p - 8. Let a be g(-4). Suppose a = 4*l + 4*l. What is the tens digit of l?
1
Suppose 2*k = -2*k - 4*f + 260, -4*k + 230 = -2*f. Suppose 5*w = 45 + k. What is the units digit of w?
1
Let r(z) = -19*z + 18. Let p be r(-14). Suppose 4*q + c - 297 + 11 = 0, 4*q - p = -2*c. What is the tens digit of q?